


{"id":627,"date":"2016-10-11T17:24:11","date_gmt":"2016-10-11T15:24:11","guid":{"rendered":"http:\/\/neu.pv-invest.com\/de\/?page_id=627"},"modified":"2020-04-20T16:51:06","modified_gmt":"2020-04-20T14:51:06","slug":"gerhard-rabensteiner","status":"publish","type":"page","link":"https:\/\/kpv-solar.com\/de\/management\/gerhard-rabensteiner\/","title":{"rendered":"Gerhard Rabensteiner"},"content":{"rendered":"<p>[et_pb_section fb_built=&#8220;1&#8243; fullwidth=&#8220;on&#8220; _builder_version=&#8220;3.22&#8243; background_color=&#8220;#ffffff&#8220;][et_pb_fullwidth_header title=&#8220; &#8220; subhead=&#8220; &#8220; text_orientation=&#8220;center&#8220; background_overlay_color=&#8220;rgba(0,0,0,0.2)&#8220; _builder_version=&#8220;4.4.3&#8243; title_font=&#8220;|||on|||||&#8220; title_text_align=&#8220;center&#8220; title_font_size=&#8220;60px&#8220; title_line_height=&#8220;1.5em&#8220; content_text_align=&#8220;center&#8220; subhead_text_align=&#8220;center&#8220; subhead_font_size=&#8220;24px&#8220; subhead_line_height=&#8220;1.7em&#8220; background_image=&#8220;\/wp-content\/uploads\/2016\/10\/GR.jpg&#8220; custom_padding=&#8220;10%||10%|&#8220; hover_enabled=&#8220;0&#8243; title_font_size_tablet=&#8220;40px&#8220; title_font_size_phone=&#8220;&#8220; title_font_size_last_edited=&#8220;on|tablet&#8220; subhead_font_size_tablet=&#8220;18px&#8220; subhead_font_size_phone=&#8220;&#8220; subhead_font_size_last_edited=&#8220;on|tablet&#8220; button_one_text_size__hover_enabled=&#8220;off&#8220; button_two_text_size__hover_enabled=&#8220;off&#8220; button_one_text_color__hover_enabled=&#8220;off&#8220; button_two_text_color__hover_enabled=&#8220;off&#8220; button_one_border_width__hover_enabled=&#8220;off&#8220; button_two_border_width__hover_enabled=&#8220;off&#8220; button_one_border_color__hover_enabled=&#8220;off&#8220; button_two_border_color__hover_enabled=&#8220;off&#8220; button_one_border_radius__hover_enabled=&#8220;off&#8220; button_two_border_radius__hover_enabled=&#8220;off&#8220; button_one_letter_spacing__hover_enabled=&#8220;off&#8220; button_two_letter_spacing__hover_enabled=&#8220;off&#8220; button_one_bg_color__hover_enabled=&#8220;off&#8220; button_two_bg_color__hover_enabled=&#8220;off&#8220;][\/et_pb_fullwidth_header][\/et_pb_section][et_pb_section fb_built=&#8220;1&#8243; admin_label=&#8220;section&#8220; _builder_version=&#8220;3.22&#8243;][et_pb_row admin_label=&#8220;row&#8220; _builder_version=&#8220;3.25&#8243; background_size=&#8220;initial&#8220; background_position=&#8220;top_left&#8220; background_repeat=&#8220;repeat&#8220;][et_pb_column type=&#8220;4_4&#8243; _builder_version=&#8220;3.25&#8243; custom_padding=&#8220;|||&#8220; custom_padding__hover=&#8220;|||&#8220;][et_pb_text _builder_version=&#8220;3.27.4&#8243;]<\/p>\n<h1>GERHARD RABENSTEINER<\/h1>\n<h4>Gr\u00fcnder und Gesch\u00e4ftsf\u00fchrer<\/h4>\n<p>[\/et_pb_text][et_pb_text _builder_version=&#8220;4.3.2&#8243; background_size=&#8220;initial&#8220; background_position=&#8220;top_left&#8220; background_repeat=&#8220;repeat&#8220; text_orientation=&#8220;justified&#8220; use_border_color=&#8220;off&#8220; border_color=&#8220;#ffffff&#8220; border_style=&#8220;solid&#8220;]<\/p>\n<p>Gerhard Rabensteiner studierte Betriebswirtschaft an der Universit\u00e4t Graz und blickt seit 1985 auf eine erfolgreiche Karriere in der Industrie zur\u00fcck. Nach 15 Jahren bei Philips Electronics mit Stationen in \u00d6sterreich und den Niederlanden begann er sich im Jahr 2000 auf erneuerbare Energien zu konzentrieren.<\/p>\n<p>Die n\u00e4chsten sechs Jahre verbrachte er als Gesch\u00e4ftsf\u00fchrer der GREENoneTEC Solarindustrie GmbH, bei der er ma\u00dfgeblich dazu beigetragen hat, das Unternehmen zu einem der weltweit f\u00fchrenden Anbieter im Solarthermiemarkt zu machen. 2006 war Gerhard Rabensteiner Mitbegr\u00fcnder der KIOTO Clear Energy AG, welche bis heute unter dem Namen KIOTO Photovoltaics zum gr\u00f6\u00dften \u00f6sterreichischen PV-Modulhersteller avancierte. Er war zuletzt auch<br \/>Vorstandsmitglied des Unternehmens und verantwortlich f\u00fcr den Gesch\u00e4ftsbereich Photovoltaik. Zwischen 2007 und 2010 wurde Gerhard auch zum Pr\u00e4sidenten des ESTIF (Verband der Europ\u00e4ischen Solarthermischen Industrie) und beriet in dieser Funktion die Europ\u00e4ischen Kommission zu Fragen rund um erneuerbare Energien.<\/p>\n<p>Als Mitbegr\u00fcnder und gesch\u00e4ftsf\u00fchrender Gesellschafter der KPV Solar GmbH mit ihrer internationalen Beratungserfahrung setzt er den gew\u00e4hlten Weg der Solarenergie fort. 2016 fusionierte Gerhard die KPV Solar GmbH mit der PV-Invest und ist dort seither Managing Partner.<\/p>\n<p>In seinem Privathaus profitieren Gerhard und seine Familie bereits seit 3 Jahrzehnten von Sonnenenergie. Gerhard Rabensteiner ist Solarmanager aus \u00dcberzeugung.<\/p>\n<p>[\/et_pb_text][\/et_pb_column][\/et_pb_row][et_pb_row column_structure=&#8220;1_2,1_2&#8243; admin_label=&#8220;Zeile&#8220; _builder_version=&#8220;3.25&#8243; background_size=&#8220;initial&#8220; background_position=&#8220;top_left&#8220; background_repeat=&#8220;repeat&#8220;][et_pb_column type=&#8220;1_2&#8243; _builder_version=&#8220;3.25&#8243; custom_padding=&#8220;|||&#8220; custom_padding__hover=&#8220;|||&#8220;][et_pb_text _builder_version=&#8220;3.27.4&#8243; background_size=&#8220;initial&#8220; background_position=&#8220;top_left&#8220; background_repeat=&#8220;repeat&#8220; use_border_color=&#8220;off&#8220; border_color=&#8220;#ffffff&#8220; border_style=&#8220;solid&#8220;]<\/p>\n<blockquote>\n<h3>Vollst\u00e4ndiger Name<\/h3>\n<p>Gerhard Rabensteiner<\/p>\n<h3>Geburtsdatum<\/h3>\n<p>10.03.1961<\/p><\/blockquote>\n<p>[\/et_pb_text][\/et_pb_column][et_pb_column type=&#8220;1_2&#8243; _builder_version=&#8220;3.25&#8243; custom_padding=&#8220;|||&#8220; custom_padding__hover=&#8220;|||&#8220;][et_pb_text _builder_version=&#8220;3.27.4&#8243; background_size=&#8220;initial&#8220; background_position=&#8220;top_left&#8220; background_repeat=&#8220;repeat&#8220; use_border_color=&#8220;off&#8220; border_color=&#8220;#ffffff&#8220; border_style=&#8220;solid&#8220;]<\/p>\n<blockquote>\n<h3>Ausbildung<\/h3>\n<p>Magister der Betriebswirtschaft der Karl Franzens Universit\u00e4t Graz<\/p><\/blockquote>\n<p>[\/et_pb_text][\/et_pb_column][\/et_pb_row][et_pb_row column_structure=&#8220;1_2,1_2&#8243; admin_label=&#8220;Zeile&#8220; _builder_version=&#8220;3.25&#8243; background_size=&#8220;initial&#8220; background_position=&#8220;top_left&#8220; background_repeat=&#8220;repeat&#8220;][et_pb_column type=&#8220;1_2&#8243; _builder_version=&#8220;3.25&#8243; custom_padding=&#8220;|||&#8220; custom_padding__hover=&#8220;|||&#8220;][et_pb_image src=&#8220;\/wp-content\/uploads\/2016\/10\/pt-1-301-1_738-l.jpg&#8220; show_in_lightbox=&#8220;on&#8220; align_tablet=&#8220;center&#8220; align_phone=&#8220;&#8220; align_last_edited=&#8220;on|desktop&#8220; admin_label=&#8220;Bild&#8220; _builder_version=&#8220;4.4.3&#8243; hover_enabled=&#8220;0&#8243; use_border_color=&#8220;off&#8220; border_color=&#8220;#ffffff&#8220; border_style=&#8220;solid&#8220; animation=&#8220;off&#8220; sticky=&#8220;off&#8220; always_center_on_mobile=&#8220;on&#8220;][\/et_pb_image][\/et_pb_column][et_pb_column type=&#8220;1_2&#8243; _builder_version=&#8220;3.25&#8243; custom_padding=&#8220;|||&#8220; custom_padding__hover=&#8220;|||&#8220;][\/et_pb_column][\/et_pb_row][\/et_pb_section]<\/p>\n","protected":false},"excerpt":{"rendered":"<p>GERHARD RABENSTEINER Gr\u00fcnder und Gesch\u00e4ftsf\u00fchrer Gerhard Rabensteiner studierte Betriebswirtschaft an der Universit\u00e4t Graz und blickt seit 1985 auf eine erfolgreiche Karriere in der Industrie zur\u00fcck. Nach 15 Jahren bei Philips Electronics mit Stationen in \u00d6sterreich und den Niederlanden begann er sich im Jahr 2000 auf erneuerbare Energien zu konzentrieren. Die n\u00e4chsten sechs Jahre verbrachte er [&hellip;]<\/p>\n","protected":false},"author":2,"featured_media":0,"parent":612,"menu_order":0,"comment_status":"closed","ping_status":"closed","template":"","meta":{"_et_pb_use_builder":"on","_et_pb_old_content":"","_et_gb_content_width":"","footnotes":""},"class_list":["post-627","page","type-page","status-publish","hentry"],"_links":{"self":[{"href":"https:\/\/kpv-solar.com\/de\/wp-json\/wp\/v2\/pages\/627","targetHints":{"allow":["GET"]}}],"collection":[{"href":"https:\/\/kpv-solar.com\/de\/wp-json\/wp\/v2\/pages"}],"about":[{"href":"https:\/\/kpv-solar.com\/de\/wp-json\/wp\/v2\/types\/page"}],"author":[{"embeddable":true,"href":"https:\/\/kpv-solar.com\/de\/wp-json\/wp\/v2\/users\/2"}],"replies":[{"embeddable":true,"href":"https:\/\/kpv-solar.com\/de\/wp-json\/wp\/v2\/comments?post=627"}],"version-history":[{"count":29,"href":"https:\/\/kpv-solar.com\/de\/wp-json\/wp\/v2\/pages\/627\/revisions"}],"predecessor-version":[{"id":3217,"href":"https:\/\/kpv-solar.com\/de\/wp-json\/wp\/v2\/pages\/627\/revisions\/3217"}],"up":[{"embeddable":true,"href":"https:\/\/kpv-solar.com\/de\/wp-json\/wp\/v2\/pages\/612"}],"wp:attachment":[{"href":"https:\/\/kpv-solar.com\/de\/wp-json\/wp\/v2\/media?parent=627"}],"curies":[{"name":"wp","href":"https:\/\/api.w.org\/{rel}","templated":true}]}}

<p>[et_pb_section fb_built=&#8220;1&#8243; fullwidth=&#8220;on&#8220; _builder_version=&#8220;3.22&#8243; background_color=&#8220;#ffffff&#8220;][et_pb_fullwidth_header title=&#8220; &#8220; subhead=&#8220; &#8220; text_orientation=&#8220;center&#8220; background_overlay_color=&#8220;rgba(0,0,0,0.2)&#8220; _builder_version=&#8220;4.4.3&#8243; title_font=&#8220;|||on|||||&#8220; title_text_align=&#8220;center&#8220; title_font_size=&#8220;60px&#8220; title_line_height=&#8220;1.5em&#8220; content_text_align=&#8220;center&#8220; subhead_text_align=&#8220;center&#8220; subhead_font_size=&#8220;24px&#8220; subhead_line_height=&#8220;1.7em&#8220; background_image=&#8220;/wp-content/uploads/2016/10/GR.jpg&#8220; custom_padding=&#8220;10%||10%|&#8220; hover_enabled=&#8220;0&#8243; title_font_size_tablet=&#8220;40px&#8220; title_font_size_phone=&#8220;&#8220; title_font_size_last_edited=&#8220;on|tablet&#8220; subhead_font_size_tablet=&#8220;18px&#8220; subhead_font_size_phone=&#8220;&#8220; subhead_font_size_last_edited=&#8220;on|tablet&#8220; button_one_text_size__hover_enabled=&#8220;off&#8220; button_two_text_size__hover_enabled=&#8220;off&#8220; button_one_text_color__hover_enabled=&#8220;off&#8220; button_two_text_color__hover_enabled=&#8220;off&#8220; button_one_border_width__hover_enabled=&#8220;off&#8220; button_two_border_width__hover_enabled=&#8220;off&#8220; button_one_border_color__hover_enabled=&#8220;off&#8220; button_two_border_color__hover_enabled=&#8220;off&#8220; button_one_border_radius__hover_enabled=&#8220;off&#8220; button_two_border_radius__hover_enabled=&#8220;off&#8220; button_one_letter_spacing__hover_enabled=&#8220;off&#8220; button_two_letter_spacing__hover_enabled=&#8220;off&#8220; button_one_bg_color__hover_enabled=&#8220;off&#8220; button_two_bg_color__hover_enabled=&#8220;off&#8220;][/et_pb_fullwidth_header][/et_pb_section][et_pb_section fb_built=&#8220;1&#8243; admin_label=&#8220;section&#8220; _builder_version=&#8220;3.22&#8243;][et_pb_row admin_label=&#8220;row&#8220; _builder_version=&#8220;3.25&#8243; background_size=&#8220;initial&#8220; background_position=&#8220;top_left&#8220; background_repeat=&#8220;repeat&#8220;][et_pb_column type=&#8220;4_4&#8243; _builder_version=&#8220;3.25&#8243; custom_padding=&#8220;|||&#8220; custom_padding__hover=&#8220;|||&#8220;][et_pb_text _builder_version=&#8220;3.27.4&#8243;]</p>
<h1>GERHARD RABENSTEINER</h1>
<h4>Gründer und Geschäftsführer</h4>
<p>[/et_pb_text][et_pb_text _builder_version=&#8220;4.3.2&#8243; background_size=&#8220;initial&#8220; background_position=&#8220;top_left&#8220; background_repeat=&#8220;repeat&#8220; text_orientation=&#8220;justified&#8220; use_border_color=&#8220;off&#8220; border_color=&#8220;#ffffff&#8220; border_style=&#8220;solid&#8220;]</p>
<p>Gerhard Rabensteiner studierte Betriebswirtschaft an der Universität Graz und blickt seit 1985 auf eine erfolgreiche Karriere in der Industrie zurück. Nach 15 Jahren bei Philips Electronics mit Stationen in Österreich und den Niederlanden begann er sich im Jahr 2000 auf erneuerbare Energien zu konzentrieren.</p>
<p>Die nächsten sechs Jahre verbrachte er als Geschäftsführer der GREENoneTEC Solarindustrie GmbH, bei der er maßgeblich dazu beigetragen hat, das Unternehmen zu einem der weltweit führenden Anbieter im Solarthermiemarkt zu machen. 2006 war Gerhard Rabensteiner Mitbegründer der KIOTO Clear Energy AG, welche bis heute unter dem Namen KIOTO Photovoltaics zum größten österreichischen PV-Modulhersteller avancierte. Er war zuletzt auch<br />Vorstandsmitglied des Unternehmens und verantwortlich für den Geschäftsbereich Photovoltaik. Zwischen 2007 und 2010 wurde Gerhard auch zum Präsidenten des ESTIF (Verband der Europäischen Solarthermischen Industrie) und beriet in dieser Funktion die Europäischen Kommission zu Fragen rund um erneuerbare Energien.</p>
<p>Als Mitbegründer und geschäftsführender Gesellschafter der KPV Solar GmbH mit ihrer internationalen Beratungserfahrung setzt er den gewählten Weg der Solarenergie fort. 2016 fusionierte Gerhard die KPV Solar GmbH mit der PV-Invest und ist dort seither Managing Partner.</p>
<p>In seinem Privathaus profitieren Gerhard und seine Familie bereits seit 3 Jahrzehnten von Sonnenenergie. Gerhard Rabensteiner ist Solarmanager aus Überzeugung.</p>
<p>[/et_pb_text][/et_pb_column][/et_pb_row][et_pb_row column_structure=&#8220;1_2,1_2&#8243; admin_label=&#8220;Zeile&#8220; _builder_version=&#8220;3.25&#8243; background_size=&#8220;initial&#8220; background_position=&#8220;top_left&#8220; background_repeat=&#8220;repeat&#8220;][et_pb_column type=&#8220;1_2&#8243; _builder_version=&#8220;3.25&#8243; custom_padding=&#8220;|||&#8220; custom_padding__hover=&#8220;|||&#8220;][et_pb_text _builder_version=&#8220;3.27.4&#8243; background_size=&#8220;initial&#8220; background_position=&#8220;top_left&#8220; background_repeat=&#8220;repeat&#8220; use_border_color=&#8220;off&#8220; border_color=&#8220;#ffffff&#8220; border_style=&#8220;solid&#8220;]</p>
<blockquote>
<h3>Vollständiger Name</h3>
<p>Gerhard Rabensteiner</p>
<h3>Geburtsdatum</h3>
<p>10.03.1961</p></blockquote>
<p>[/et_pb_text][/et_pb_column][et_pb_column type=&#8220;1_2&#8243; _builder_version=&#8220;3.25&#8243; custom_padding=&#8220;|||&#8220; custom_padding__hover=&#8220;|||&#8220;][et_pb_text _builder_version=&#8220;3.27.4&#8243; background_size=&#8220;initial&#8220; background_position=&#8220;top_left&#8220; background_repeat=&#8220;repeat&#8220; use_border_color=&#8220;off&#8220; border_color=&#8220;#ffffff&#8220; border_style=&#8220;solid&#8220;]</p>
<blockquote>
<h3>Ausbildung</h3>
<p>Magister der Betriebswirtschaft der Karl Franzens Universität Graz</p></blockquote>
<p>[/et_pb_text][/et_pb_column][/et_pb_row][et_pb_row column_structure=&#8220;1_2,1_2&#8243; admin_label=&#8220;Zeile&#8220; _builder_version=&#8220;3.25&#8243; background_size=&#8220;initial&#8220; background_position=&#8220;top_left&#8220; background_repeat=&#8220;repeat&#8220;][et_pb_column type=&#8220;1_2&#8243; _builder_version=&#8220;3.25&#8243; custom_padding=&#8220;|||&#8220; custom_padding__hover=&#8220;|||&#8220;][et_pb_image src=&#8220;/wp-content/uploads/2016/10/pt-1-301-1_738-l.jpg&#8220; show_in_lightbox=&#8220;on&#8220; align_tablet=&#8220;center&#8220; align_phone=&#8220;&#8220; align_last_edited=&#8220;on|desktop&#8220; admin_label=&#8220;Bild&#8220; _builder_version=&#8220;4.4.3&#8243; hover_enabled=&#8220;0&#8243; use_border_color=&#8220;off&#8220; border_color=&#8220;#ffffff&#8220; border_style=&#8220;solid&#8220; animation=&#8220;off&#8220; sticky=&#8220;off&#8220; always_center_on_mobile=&#8220;on&#8220;][/et_pb_image][/et_pb_column][et_pb_column type=&#8220;1_2&#8243; _builder_version=&#8220;3.25&#8243; custom_padding=&#8220;|||&#8220; custom_padding__hover=&#8220;|||&#8220;][/et_pb_column][/et_pb_row][/et_pb_section]</p>

<p>GERHARD RABENSTEINER Gründer und Geschäftsführer Gerhard Rabensteiner studierte Betriebswirtschaft an der Universität Graz und blickt seit 1985 auf eine erfolgreiche Karriere in der Industrie zurück. Nach 15 Jahren bei Philips Electronics mit Stationen in Österreich und den Niederlanden begann er sich im Jahr 2000 auf erneuerbare Energien zu konzentrieren. Die nächsten sechs Jahre verbrachte er [&hellip;]</p>
